 the remainder when 42294 is divided by 12?
6
What is the remainder when 9426 is divided by 148?
102
What is the remainder when 21465 is divided by 5348?
73
What is the remainder when 14780 is divided by 912?
188
What is the remainder when 2449 is divided by 2356?
93
What is the remainder when 4615 is divided by 411?
94
Calculate the remainder when 20156 is divided by 6716.
8
What is the remainder when 362 is divided by 135?
92
Calculate the remainder when 24984 is divided by 15.
9
What is the remainder when 21730 is divided by 21558?
172
Calculate the remainder when 11173 is divided by 362.
313
Calculate the remainder when 1350438 is divided by 364.
362
What is the remainder when 3508 is divided by 114?
88
What is the remainder when 92043 is divided by 4602?
3
What is the remainder when 73782 is divided by 18443?
10
What is the remainder when 445 is divided by 19?
8
Calculate the remainder when 87550 is divided by 572.
34
What is the remainder when 1614 is divided by 500?
114
Calculate the remainder when 28777 is divided by 297.
265
Calculate the remainder when 120427 is divided by 345.
22
What is the remainder when 38297 is divided by 4783?
33
What is the remainder when 7805 is divided by 390?
5
What is the remainder when 1204354 is divided by 111?
4
What is the remainder when 203047 is divided by 10?
7
Calculate the remainder when 203090 is divided by 239.
179
Calculate the remainder when 4441632 is divided by 135.
132
Calculate the remainder when 41481 is divided by 20735.
11
What is the remainder when 69947 is divided by 4114?
9
Calculate the remainder when 39751 is divided by 21.
19
Calculate the remainder when 18010 is divided by 128.
90
Calculate the remainder when 1828 is divided by 902.
24
Calculate the remainder when 4420 is divided by 2061.
298
Calculate the remainder when 168797 is divided by 605.
2
What is the remainder when 185575 is divided by 55?
5
Calculate the remainder when 2873947 is divided by 36.
31
What is the remainder when 5584 is divided by 2740?
104
Calculate the remainder when 22114 is divided by 228.
226
What is the remainder when 1261 is divided by 418?
7
What is the remainder when 18011 is divided by 721?
707
Calculate the remainder when 4781 is divided by 86.
51
Calculate the remainder when 138779 is divided by 4335.
59
Calculate the remainder when 4783048 is divided by 405.
403
Calculate the remainder when 69876 is divided by 23281.
33
Calculate the remainder when 22671 is divided by 11331.
9
What is the remainder when 3794 is divided by 717?
209
Calculate the remainder when 4813 is divided by 101.
66
Calculate the remainder when 13437 is divided by 538.
525
Calculate the remainder when 264496 is divided by 6451.
5
Calculate the remainder when 30733 is divided by 53.
46
Calculate the remainder when 673658 is divided by 65.
63
What is the remainder when 200823 is divided by 1057?
1050
Calculate the remainder when 6472 is divided by 118.
100
Calculate the remainder when 922 is divided by 631.
291
Calculate the remainder when 601 is divided by 35.
6
What is the remainder when 9362 is divided by 824?
298
Calculate the remainder when 452 is divided by 451.
1
What is the remainder when 63020 is divided by 230?
0
What is the remainder when 1387 is divided by 688?
11
What is the remainder when 467209 is divided by 233598?
13
Calculate the remainder when 115047 is divided by 38334.
45
Calculate the remainder when 413 is divided by 116.
65
What is the remainder when 1091 is divided by 17?
3
What is the remainder when 8550 is divided by 2840?
30
What is the remainder when 4428 is divided by 158?
4
Calculate the remainder when 12805 is divided by 1159.
56
What is the remainder when 70230 is divided by 72?
30
What is the remainder when 8503 is divided by 8496?
7
Calculate the remainder when 8063 is divided by 455.
328
What is the remainder when 257607 is divided by 6283?
4
Calculate the remainder when 1599 is divided by 115.
104
Calculate the remainder when 7811 is divided by 2594.
29
What is the remainder when 469340 is divided by 126?
116
Calculate the remainder when 13605 is divided by 378.
375
What is the remainder when 124137 is divided by 627?
618
Calculate the remainder when 199 is divided by 177.
22
What is the remainder when 11275 is divided by 3748?
31
What is the remainder when 6500 is divided by 27?
20
Calculate the remainder when 252617 is divided by 85.
82
Calculate the remainder when 6007 is divided by 1238.
1055
Calculate the remainder when 929856 is divided by 38.
34
Calculate the remainder when 23162 is divided by 5773.
70
Calculate the remainder when 1132230 is divided by 499.
498
Calculate the remainder when 37786 is divided by 55.
1
What is the remainder when 227354 is divided by 23?
22
Calculate the remainder when 210720 is divided by 105358.
4
What is the remainder when 5831422 is divided by 192?
190
Calculate the remainder when 7964 is divided by 153.
8
Calculate the remainder when 4120 is divided by 42.
4
Calculate the remainder when 18144 is divided by 93.
9
Calculate the remainder when 310678 is divided by 40.
38
Calculate the remainder when 6246445 is divided by 315.
310
Calculate the remainder when 21803 is divided by 660.
23
Calculate the remainder when 85788 is divided by 53.
34
Calculate the remainder when 5178 is divided by 472.
458
What is the remainder when 3860 is divided by 379?
70
Calculate the remainder when 8044 is divided by 36.
16
Calculate the remainder when 180639 is divided by 22571.
71
Calculate the remainder when 1902 is divided by 724.
454
What is the remainder when 145197 is divided by 240?
237
What is the remainder when 45793 is divided by 30?
13
Calculate the remainder when 8770 is divided by 698.
394
What is the remainder when 30813 is divided by 15346?
121
What is the remainder when 662588 is divided by 101?
28
Calculate the remainder when 1973 is divided by 269.
90
What is the remainder when 1962 is divided by 293?
204
Calculate the remainder when 2507 is divided by 611.
63
Calculate the remainder when 6322 is divided by 94.
24
Calculate the remainder when 244697 is divided by 41.
9
What is the remainder when 1823 is divided by 390?
263
Calculate the remainder when 14016 is divided by 31.
4
Calculate the remainder when 2226 is divided by 2.
0
What is the remainder when 382792 is divided by 306?
292
Calculate the remainder when 10460 is divided by 86.
54
What is the remainder when 101805 is divided by 16967?
3
Calculate the remainder when 5360 is divided by 265.
60
Calculate the remainder when 17559 is divided by 5834.
57
What is the remainder when 6802 is divided by 42?
40
What is the remainder when 3400 is divided by 79?
3
What is the remainder when 16227 is divided by 40?
27
What is the remainder when 2163 is divided by 281?
196
What is the remainder when 81095 is divided by 40532?
31
What is the remainder when 20297 is divided by 262?
123
Calculate the remainder when 89918 is divided by 29945.
83
Calculate the remainder when 1503916 is divided by 55.
51
Calculate the remainder when 141 is divided by 22.
9
What is the remainder when 85033 is divided by 70?
53
Calculate the remainder when 227353 is divided by 345.
343
What is the remainder when 15332 is divided by 47?
10
Calculate the remainder when 13704 is divided by 188.
168
What is the remainder when 1570 is divided by 347?
182
What is the remainder when 1624 is divided by 1135?
489
Calculate the remainder when 9035 is divided by 637.
117
Calculate the remainder when 1314 is divided by 56.
26
What is the remainder when 513687 is divided by 8?
7
What is the remainder when 210568 is divided by 272?
40
What is the remainder when 110780 is divided by 12?
8
Calculate the remainder when 1152 is divided by 60.
12
What is the remainder when 5271 is divided by 30?
21
What is the remainder when 1440163 is divided by 1005?
1003
Calculate the remainder when 649952 is divided by 1857.
2
Calculate the remainder when 21867 is divided by 781.
780
Calculate the remainder when 252 is divided by 13.
5
What is the remainder when 1625615 is divided by 1272?
1271
What is the remainder when 11645338 is divided by 14?
12
Calculate the remainder when 960061 is divided by 16.
13
What is the remainder when 51286 is divided by 25638?
10
